ided by 8/((1/2)/1).
13
Suppose -2 + 1 = -a. What is the remainder when (-3)/((-3)/a) + 23 is divided by 13?
11
Let h(z) = z**2 - 3*z + 9. Calculate the remainder when 42 is divided by h(0).
6
Suppose -5*b + 0*k + k + 410 = 0, 4*b - 5*k - 307 = 0. Calculate the remainder when b is divided by 14.
13
Suppose 3*n = 8 + 19. Suppose 3*r = 3*f - 36, 3*f + f + 3*r - 55 = 0. Let q = f - n. Calculate the remainder when q is divided by 2.
0
Let j = 5 + -2. Suppose 5*u - 2*d - 35 = d, -j*d = u - 7. Suppose 0 = 4*l + 2*c - 74, 20 - 63 = -2*l + 5*c. Calculate the remainder when l is divided by u.
5
Let l(s) = 6*s - 2*s + 0*s**2 + 2*s**2 - 1. Let b be l(-3). Suppose -b*p = 4*c + 6, p = 5*c - c - 6. What is the remainder when c is divided by 1?
0
Let x(l) = l**3 + 4 + 2 - 2 + l. Suppose -5*o + 14 = -11, 0 = -5*b - o + 40. Calculate the remainder when b is divided by x(0).
3
Let v = -39 + 62. What is the remainder when v is divided by 8?
7
Suppose 5*h + 2*h - 175 = 0. What is the remainder when h is divided by 10?
5
Suppose 3*i = -2*n + 30, i - n - 15 = -0*i. Calculate the remainder when i is divided by 7.
5
Let g(m) = -3*m - 4*m - m - m**2. Calculate the remainder when 13 is divided by g(-7).
6
Suppose 2*r - 9 = 17. Calculate the remainder when 38 is divided by r.
12
Let f(r) = -r**3 - 7*r**2 - 5*r - 9. What is the remainder when f(-7) is divided by 14?
12
Suppose 13*j + 101 = 14*j. What is the remainder when j is divided by 34?
33
Let s(h) = h**2 + 7*h + 9. Let i be s(-9). Let u = i - 13. What is the remainder when 53 is divided by u?
11
Let x = -9 + 12. Suppose 0*l = -3*l + 15. Calculate the remainder when l is divided by x.
2
Let k = -43 - -66. Calculate the remainder when k is divided by 13.
10
Let o(x) = x**3 - 8*x**2 + 2*x - 12. Let v be o(8). Suppose -a + 3*b = -v*a + 48, -5*a + 82 = 3*b. Calculate the remainder when a is divided by 9.
8
Suppose -7*l + 5*p - 89 = -11*l, -5*l + 4*p + 60 = 0. Calculate the remainder when 30 is divided by l.
14
Calculate the remainder when 15/(5/(-5 + 10)) is divided by 9.
6
Suppose -2*q = 5*s - 3*q - 76, s = -4*q + 32. Calculate the remainder when s is divided by 9.
7
Suppose -26 = -3*q - 8. Suppose 5*h + q = 111. Calculate the remainder when 60 is divided by h.
18
Let p(z) = -z**3 + 5*z**2 + 8*z - 8. Suppose -6*u + 3*u = -3. Suppose 4 - u = f. Calculate the remainder when p(6) is divided by f.
1
What is the remainder when (-7)/(21/(-384)) + -1 is divided by 32?
31
Suppose 2*b + 6 - 2 = 0. Calculate the remainder when 8 is divided by b*9/(-6)*1.
2
Suppose 4*l - 605 = -l. Calculate the remainder when l is divided by 31.
28
Let f(c) = -51*c + 3*c**2 + 5 + 56*c - 2*c**2. Calculate the remainder when 6 is divided by f(-5).
1
Let g(n) = n**3 + 6*n**2 - 7*n. Let p be g(-7). Suppose 2*d + p*d = 118. Let o = -15 + 35. Calculate the remainder when d is divided by o.
19
Let q be 31/(-3) - 3/(-9). Let v be -4*(q/(-4) + 0). Let g = 11 + v. Calculate the remainder when 2 is divided by g.
0
Suppose 0*t + t = 0. Suppose t = 4*g - 33 - 3. Calculate the remainder when 50/(-4)*(-2 + 0) is divided by g.
7
Let n(v) = -v**2 - 9*v - 5. Let i be n(-9). Let l(u) = -11*u - 2. Calculate the remainder when l(i) is divided by 14.
11
Suppose -3*u + 35 = 2*l, -u + 10 = l - 7. Suppose 5*w = 2*k + 8, -5*k + 2 = -5*w - 8. Calculate the remainder when l is divided by k.
4
Let y(a) = a - 4. What is the remainder when ((-3)/(-2))/(2/12) is divided by y(9)?
4
Calculate the remainder when 164/6 + (-2)/(-3) is divided by (-2)/(-5) - (-240)/25.
8
Let y = -5 + 5. Suppose y = -3*r + 1 + 5. Suppose 15 = -5*q, -2*f - f + 5*q + 18 = 0. What is the remainder when r is divided by f?
0
Let z be (-7)/3 - (-2)/6. Let o(i) = 3*i + 2. Calculate the remainder when 2/6*z*-48 is divided by o(3).
10
Let f = 7 - 5. Let c(k) = k**3 + k**2 - 4*k - 3. What is the remainder when (-25)/(-5) - (1 + f) is divided by c(-2)?
0
Let y = 6 + -2. Let j be (y/(-6) - -2)*6. Let n(k) = k**3 - 8*k**2 + 6. Calculate the remainder when 17 is divided by n(j).
5
Suppose 3*h = 2*a + 41, 0 = -h - h + 5*a + 31. What is the remainder when 49 is divided by h?
10
Let h(p) = p**2 + 5*p - 6. Let l be h(-6). Suppose 2*n + 4 = l, 2*i - n = n + 14. What is the remainder when 9 is divided by i?
4
Suppose 4*m = 2*m - 5*w + 167, 383 = 5*m + w. What is the remainder when m is divided by 26?
24
Let h = 2 + 0. Suppose 3*p - 230 = -h*p. What is the remainder when p is divided by 16?
14
Suppose -4*r + 213 = -r - 3*u, 4*r = 2*u + 274. Let p = r + -27. What is the remainder when p is divided by 20?
19
Let v(w) = -4*w**3 + 2*w + 1. Let x be v(-1). Suppose -4*k = -x*k - 5*j - 29, 2*j + 29 = k. Calculate the remainder when k is divided by 16.
13
Let z(l) = 3*l**2 + 2*l - 5. Let u = 7 - 11. Let o be z(u). Suppose 0 = 5*t + o - 120. Calculate the remainder when t is divided by 6.
5
Suppose 0 = -3*g - 4*r + 53, -3*r + 91 = 5*g + r. Calculate the remainder when 35 is divided by g.
16
Suppose -5*y + 2*v + 3*v + 5 = 0, y + 4*v = 16. Calculate the remainder when (-435)/(-33) + 4/(-22) is divided by y.
1
Let h = -5 + 4. Let r(a) = -3*a**3 + a**2 - a - 1. Calculate the remainder when 7 is divided by r(h).
3
What is the remainder when (3*30/9)/2 is divided by 4?
1
Let b(t) = -t**3 + 3*t**2 + 2*t - 1. What is the remainder when 34 is divided by b(2)?
6
Suppose -6 = 2*b - 42. Suppose -3*u = -2*u - 11. What is the remainder when (90/(-8))/(b/(-48)) is divided by u?
8
Let p = 0 - -2. Suppose p*r = -3 + 11. Suppose 3*h = -2*h + r*n + 48, -n + 38 = 5*h. Calculate the remainder when h is divided by 3.
2
What is the remainder when 8 is divided by (-1 - -6) + 0/(-3)?
3
Suppose 2*d = 16 + 22. Suppose 0 = q - 65 + d. Let u = -16 + 40. Calculate the remainder when q is divided by u.
22
Suppose -3*n - 5*l = -120, -5*n + 200 = -0*l - 2*l. Let d = n - 24. Calculate the remainder when 46 is divided by d.
14
Let c(n) = n - 6. Calculate the remainder when 27 is divided by c(10).
3
Let r = 36 + 68. Calculate the remainder when r is divided by 27.
23
Suppose 4*j + 4*x - 168 = 0, -2*x - 15 = -4*j + 141. Let r(i) = i**3 + 6*i**2 - 2*i + 2. What is the remainder when j is divided by r(-6)?
12
Suppose -4*l + 3*n + 9 = 0, 3*l - 9 = -2*l + 3*n. Calculate the remainder when 53 is divided by (16 - 2) + l/1.
11
Let k(z) = z**3 + 6*z**2 - 8*z + 5. Suppose -25 = -5*p, -p - 24 = -3*v - 4*p. Suppose v*b - 2*b - 7 = 0. What is the remainder when k(-7) is divided by b?
5
Suppose 5*p - 120 = 2*p. Suppose 4*i - p = -i. What is the remainder when 13 is divided by i?
5
Suppose 5*y = -25 + 140. Suppose l = 5*v - y, -3*l = 7*v - 2*v - 31. Suppose p + 8 = 4*s, -3*s = -0*s - 4*p - 6. Calculate the remainder when v is divided by s.
1
Suppose 90 = 29*a - 26*a. Calculate the remainder when 87 is divided by a.
27
Suppose -2*m - 2*p + 54 = 2*m, -58 = -3*m - 5*p. Calculate the remainder when 21 is divided by m.
10
Let g = 2 - 3. Let r be 4/10*(3 + 2). Calculate the remainder when (68/(-8))/(g/r) is divided by 6.
5
Suppose 82 = 5*x - 123. Calculate the remainder when x is divided by 7.
6
Let w = 71 - 52. What is the remainder when 150 is divided by w?
17
Let g be 17/(-1 + 2) - -1. Suppose -3*p + f = -23 - g, -p + f = -13. What is the remainder when 55 is divided by p?
13
Let s(v) = -v**2 + 4*v - 3. Let p be s(3). Suppose h = -p*h + 48. Calculate the remainder when h is divided by 25.
23
Suppose -5 + 4 = -i. Let l = 2 - i. What is the remainder when 3 is divided by l?
0
Suppose -22 = 3*x + 5*f, -20 = 5*x - 2*f + 7*f. Suppose 9 = 5*t - x. Calculate the remainder when t is divided by 1.
0
Let a(d) = d - 5. Let c be a(4). Let k = 1 - c. Suppose -8 = 5*z - 33. Calculate the remainder when z is divided by k.
1
Let o = -14 - -16. Let a(j) = -6*j - 1. What is the remainder when a(-1) is divided by o?
1
Let o = -65 - -100. What is the remainder when o is divided by 13?
9
Let b = -1 - -7. Suppose 0 = -4*y + 3*y + 23. Calculate the remainder when y is divided by b.
5
Let h = 20 - 15. Suppose -k = -2*o + 7*o - 29, -17 = 2*k - h*o. What is the remainder when 18 is divided by k?
2
Suppose 20 = 5*z - 4*r, 0*r + 4 = z + 3*r. Let f(x) = 7*x - 5. Let s(w) = -w + 22. What is the remainder when f(z) is divided by s(10)?
11
Suppose -299 + 49 = -5*a. Suppose a + 64 = 3*y. Calculate the remainder